70 and 63227220.
70
What is the highest common factor of 3061870 and 124?
62
What is the highest common divisor of 17936 and 880688?
304
What is the greatest common divisor of 107349719 and 7158?
1193
Calculate the greatest common factor of 2583 and 2770985.
287
What is the greatest common factor of 490439 and 554560?
1733
What is the highest common factor of 112098273 and 147?
21
What is the highest common factor of 3052205 and 965?
5
Calculate the highest common factor of 65 and 59767355.
5
What is the highest common divisor of 20098 and 21320?
26
What is the greatest common factor of 2404080 and 2448?
144
What is the greatest common factor of 52 and 129535354?
26
What is the highest common factor of 88097738 and 678?
226
What is the highest common divisor of 23 and 382784285?
23
What is the highest common divisor of 3032851 and 187?
17
Calculate the highest common factor of 72750610 and 46.
46
What is the highest common divisor of 844790 and 7935?
115
What is the greatest common factor of 116255 and 795?
5
Calculate the greatest common factor of 408 and 4762286568.
408
What is the greatest common factor of 1296310 and 130?
10
Calculate the highest common factor of 4719 and 1132443.
39
Calculate the highest common factor of 128 and 1322456.
8
Calculate the greatest common divisor of 23868372 and 219.
219
What is the greatest common divisor of 520 and 62873080?
40
Calculate the greatest common divisor of 180 and 39705360.
60
What is the highest common divisor of 17940071 and 59?
59
Calculate the highest common factor of 6930 and 277830.
630
Calculate the highest common divisor of 36489589 and 3494.
1747
What is the highest common factor of 2361317 and 1428?
119
Calculate the greatest common divisor of 14 and 7774158770.
14
Calculate the greatest common factor of 45409651 and 12964.
3241
What is the highest common divisor of 37115 and 832518?
571
Calculate the greatest common factor of 5225 and 434225.
275
What is the greatest common divisor of 3614839830 and 4074?
4074
What is the highest common factor of 17810 and 217880?
130
Calculate the highest common divisor of 24959232 and 432768.
8832
What is the greatest common factor of 6402262 and 94?
2
Calculate the greatest common factor of 10942173 and 1584.
99
Calculate the highest common factor of 4488 and 136862.
22
Calculate the greatest common factor of 71464294 and 561.
187
Calculate the highest common divisor of 132378 and 4.
2
What is the greatest common factor of 186087 and 165?
33
Calculate the highest common divisor of 260616825 and 75.
75
What is the greatest common factor of 73152436 and 1491?
497
What is the highest common divisor of 13392 and 238977264?
1488
What is the highest common factor of 95418 and 2059733?
589
What is the highest common divisor of 36 and 5640204?
12
Calculate the highest common divisor of 47015 and 52915.
5
What is the highest common factor of 108 and 128428065?
27
Calculate the highest common factor of 32890 and 18200130.
2990
Calculate the greatest common divisor of 13 and 70252182.
13
What is the highest common factor of 12255538 and 2771?
17
What is the highest common factor of 11388278 and 55?
11
What is the greatest common divisor of 9337517 and 77657?
983
Calculate the greatest common factor of 2263040 and 9180.
340
Calculate the highest common factor of 13783 and 580041.
77
What is the highest common factor of 800 and 1274272?
32
Calculate the greatest common factor of 8 and 4710910.
2
What is the greatest common factor of 2325 and 217611165?
465
Calculate the greatest common divisor of 312754 and 389896.
598
Calculate the greatest common divisor of 942995 and 35.
5
What is the greatest common divisor of 292548146 and 33?
11
Calculate the highest common divisor of 9642464 and 4056.
1352
Calculate the highest common factor of 2755 and 8447381.
551
Calculate the highest common divisor of 6455 and 12176712.
1291
What is the greatest common factor of 13706 and 1495823?
623
Calculate the highest common divisor of 20925422 and 10864.
1358
What is the highest common factor of 529896 and 24312?
24
What is the greatest common factor of 448 and 127442?
14
Calculate the greatest common factor of 22977 and 10173705.
2553
Calculate the highest common divisor of 270 and 5241345.
15
Calculate the greatest common divisor of 7338107 and 3164.
791
Calculate the greatest common factor of 2296 and 14924984.
328
What is the greatest common factor of 104 and 29230392?
8
What is the highest common divisor of 220148 and 34947324?
4684
Calculate the greatest common factor of 918170 and 990.
110
Calculate the greatest common factor of 439522578 and 11784.
2946
Calculate the highest common divisor of 1887322 and 710.
142
Calculate the greatest common divisor of 154 and 23231802.
22
Calculate the greatest common factor of 105000 and 2133375.
375
What is the greatest common divisor of 9225 and 10201743?
369
Calculate the highest common factor of 30494880 and 832.
416
What is the highest common factor of 98 and 448378273?
49
Calculate the greatest common divisor of 2280717 and 332334.
333
What is the greatest common divisor of 5730 and 2424990?
30
What is the highest common divisor of 430 and 3183118?
86
What is the greatest common factor of 24 and 13260304?
8
Calculate the greatest common divisor of 23925582 and 21346.
1642
Calculate the highest common divisor of 439 and 1071585391.
439
Calculate the highest common divisor of 505876 and 232.
116
What is the greatest common divisor of 242946773 and 6031?
6031
Calculate the greatest common factor of 1170 and 420426.
18
Calculate the highest common divisor of 355699 and 10229.
193
Calculate the greatest common factor of 656 and 27768316.
164
Calculate the highest common divisor of 3333798 and 182.
26
What is the highest common divisor of 15332731 and 6187?
269
What is the highest common factor of 15892929 and 1647?
27
Calculate the greatest common factor of 1254 and 354914148.
114
What is the greatest common divisor of 149920 and 45920?
160
What is the greatest common factor of 60512986 and 19?
19
What is the greatest common divisor of 3275356 and 259896?
3332
What is the greatest common divisor of 270 and 125503695?
135
What is the highest common divisor of 2125068 and 452727?
561
Calculate the highest common factor of 5870 and 7053392.
1174
What is the highest common factor of 2020200 and 1196025?
2775
What is the highest common divisor of 839292 and 114?
6
What is the greatest common divisor of 273385 and 12483730?
2555
Calculate the highest common factor of 1276750 and 485.
5
What is the greatest common factor of 94 and 137506?
2
What is the highest common divisor of 20998600 and 106?
106
Calculate the greatest common factor of 908278 and 45486.
14
What is the greatest common divisor of 1025209542 and 37?
37
Calculate the greatest common divisor of 579 and 59919.
3
What is the greatest common factor of 182 and 13687212?
14
What is the highest common factor of 7574259 and 176?
11
Calculate the highest common divisor of 8670 and 116395906.
578
What is the highest common factor of 24 and 14150804?
4
What is the greatest common divisor of 1391035792 and 1264?
1264
What is the highest common factor of 5094 and 7026?
6
Calculate the highest common factor of 407443 and 658.
47
What is the greatest common divisor of 47071220 and 56?
28
Calculate the greatest common factor of 318193 and 513.
19
What is the highest common factor of 91 and 1908249889?
91
What is the highest common factor of 71568 and 59094?
126
What is the highest common factor of 5876 and 189592?
52
Calculate the highest common divisor of 6612515 and 1015.
35
What is the greatest common divisor of 12 and 7469313?
3
What is the greatest common factor of 76620 and 42757791?
3831
What is the highest common divisor of 768 and 123891072?
384
What is the greatest common divisor of 45241504 and 28?
28
What is the greatest common factor of 460509 and 5418?
21
Calculate the greatest common factor of 592735 and 33826.
13
Calculate the greatest common divisor of 6 and 16792136.
2
What is the highest common factor of 98116790 and 830?
830
Calculate the highest common divisor of 6512 and 69373520.
592
Calculate the greatest common divisor of 66059941 and 10469.
551
Calculate the